{"id":58,"date":"2022-10-30T10:40:42","date_gmt":"2022-10-30T10:40:42","guid":{"rendered":"https:\/\/www.medicatlos.sk\/?page_id=58"},"modified":"2024-04-23T16:34:07","modified_gmt":"2024-04-23T16:34:07","slug":"kontakt","status":"publish","type":"page","link":"https:\/\/www.medicatlos.sk\/?page_id=58","title":{"rendered":"Kontakt"},"content":{"rendered":"\n<p><\/p>\n\n\n\n<h2 class=\"wp-block-heading alignwide has-text-align-center\" style=\"margin-top:0px;margin-right:70px;margin-bottom:0px;margin-left:0px\"><strong><em>Kontakt<\/em><\/strong><\/h2>\n\n\n\n<div class=\"wp-block-columns alignwide is-layout-flex wp-container-core-columns-is-layout-28f84493 wp-block-columns-is-layout-flex\">\n<div class=\"wp-block-column is-layout-flow wp-block-column-is-layout-flow\" style=\"flex-basis:100%\">\n<div class=\"wp-block-columns is-layout-flex wp-container-core-columns-is-layout-28f84493 wp-block-columns-is-layout-flex\">\n<div class=\"wp-block-column is-layout-flow wp-block-column-is-layout-flow\" style=\"padding-left:100px;flex-basis:80%\">\n<div class=\"wp-block-group is-layout-flow wp-block-group-is-layout-flow\">\n<div class=\"wp-block-columns is-layout-flex wp-container-core-columns-is-layout-28f84493 wp-block-columns-is-layout-flex\">\n<div class=\"wp-block-column is-layout-flow wp-block-column-is-layout-flow\" style=\"flex-basis:100%\">\n<div class=\"wp-block-columns are-vertically-aligned-top is-layout-flex wp-container-core-columns-is-layout-28f84493 wp-block-columns-is-layout-flex\">\n<div class=\"wp-block-column is-vertically-aligned-top is-layout-flow wp-block-column-is-layout-flow\" style=\"flex-basis:1000px\"><\/div>\n<\/div>\n<\/div>\n<\/div>\n<\/div>\n<\/div>\n<\/div>\n<\/div>\n<\/div>\n\n\n\n<p>V pr\u00edpade z\u00e1ujmu o Medi\u00e1ciu n\u00e1s pros\u00edm kontaktujte prostredn\u00edctvom uveden\u00fdch kontaktov, alebo cez ni\u017e\u0161ie uveden\u00fd <strong>kontaktn\u00fd formul\u00e1r<\/strong>. \u010eakujeme.<\/p>\n\n\n\n<div class=\"wp-block-columns is-layout-flex wp-container-core-columns-is-layout-28f84493 wp-block-columns-is-layout-flex\">\n<div class=\"wp-block-column is-layout-flow wp-block-column-is-layout-flow\">\n<ul class=\"wp-block-list\">\n<li><strong>Mgr. J\u00e1n \u010catlo\u0161, MBA, LL.M.<\/strong>, Gol\u00e1\u0148ova 5, 821 03 Bratislava<\/li>\n\n\n\n<li>info@medicatlos.sk<\/li>\n\n\n\n<li>+421-907-799 919<\/li>\n\n\n\n<li>I\u010cO 5499 1943<\/li>\n\n\n\n<li>\u010d. \u00fa\u010dtu: SK46 7500 0000 0040 2870 5262<\/li>\n<\/ul>\n<\/div>\n\n\n\n<div class=\"wp-block-column is-layout-flow wp-block-column-is-layout-flow\">\n<figure class=\"wp-block-image size-large is-resized\"><img loading=\"lazy\" decoding=\"async\" width=\"1024\" height=\"1024\" src=\"http:\/\/www.medicatlos.sk\/wp-content\/uploads\/2024\/02\/QR_MBA-LLM_2024-02-05_WEB-1024x1024.png\" alt=\"\" class=\"wp-image-448\" style=\"width:172px;height:auto\" srcset=\"https:\/\/www.medicatlos.sk\/wp-content\/uploads\/2024\/02\/QR_MBA-LLM_2024-02-05_WEB-1024x1024.png 1024w, https:\/\/www.medicatlos.sk\/wp-content\/uploads\/2024\/02\/QR_MBA-LLM_2024-02-05_WEB-300x300.png 300w, https:\/\/www.medicatlos.sk\/wp-content\/uploads\/2024\/02\/QR_MBA-LLM_2024-02-05_WEB-150x150.png 150w, https:\/\/www.medicatlos.sk\/wp-content\/uploads\/2024\/02\/QR_MBA-LLM_2024-02-05_WEB-768x768.png 768w, https:\/\/www.medicatlos.sk\/wp-content\/uploads\/2024\/02\/QR_MBA-LLM_2024-02-05_WEB-1536x1536.png 1536w, https:\/\/www.medicatlos.sk\/wp-content\/uploads\/2024\/02\/QR_MBA-LLM_2024-02-05_WEB.png 1623w\" sizes=\"auto, (max-width: 1024px) 100vw, 1024px\" \/><\/figure>\n<\/div>\n<\/div>\n\n\n\n<div class=\"wp-block-columns is-layout-flex wp-container-core-columns-is-layout-28f84493 wp-block-columns-is-layout-flex\">\n<div class=\"wp-block-column is-layout-flow wp-block-column-is-layout-flow\" style=\"flex-basis:100%\">\n<p>Pokia\u013e chcete poda\u0165 <strong>ofici\u00e1lnu \u017eiados\u0165 o medi\u00e1ciu<\/strong>, vypl\u0148te pros\u00edm <strong>tla\u010divo<\/strong> (prilo\u017een\u00e9 vo form\u00e1te <strong><a href=\"http:\/\/www.medicatlos.sk\/wp-content\/uploads\/2024\/04\/Ziadost_Tlacivo.docx\">docx<\/a> <\/strong>alebo <strong><a href=\"http:\/\/www.medicatlos.sk\/wp-content\/uploads\/2024\/04\/Ziadost_Tlacivo.pdf\" target=\"_blank\" rel=\"noreferrer noopener\">pdf<\/a><\/strong>) a n\u00e1sledne ho za\u0161lite na hore uveden\u00fa kore\u0161ponden\u010dn\u00fa adresu, alebo po\u0161lite naskenovane mailom, pr\u00edpadne odovzdajte medi\u00e1torovi osobne.<\/p>\n<\/div>\n<\/div>\n\n\n\n<p class=\"has-text-align-center\"><strong>Te\u0161\u00edme sa na spolupr\u00e1cu.<\/strong><\/p>\n\n\n\n<div class=\"wp-block-columns is-layout-flex wp-container-core-columns-is-layout-28f84493 wp-block-columns-is-layout-flex\">\n<div class=\"wp-block-column is-layout-flow wp-block-column-is-layout-flow\" style=\"flex-basis:100%\"><\/div>\n<\/div>\n","protected":false},"excerpt":{"rendered":"<p>Kontakt V pr\u00edpade z\u00e1ujmu o Medi\u00e1ciu n\u00e1s pros\u00edm kontaktujte prostredn\u00edctvom uveden\u00fdch kontaktov, alebo cez ni\u017e\u0161ie uveden\u00fd kontaktn\u00fd formul\u00e1r. \u010eakujeme. Pokia\u013e chcete poda\u0165 ofici\u00e1lnu \u017eiados\u0165 o medi\u00e1ciu, vypl\u0148te pros\u00edm tla\u010divo (prilo\u017een\u00e9 vo form\u00e1te docx alebo pdf) a n\u00e1sledne ho za\u0161lite na hore uveden\u00fa kore\u0161ponden\u010dn\u00fa adresu, alebo po\u0161lite naskenovane mailom, pr\u00edpadne odovzdajte medi\u00e1torovi osobne. Te\u0161\u00edme sa na [&hellip;]<\/p>\n","protected":false},"author":1,"featured_media":0,"parent":0,"menu_order":0,"comment_status":"closed","ping_status":"closed","template":"page-large-header","meta":{"footnotes":""},"class_list":["post-58","page","type-page","status-publish","hentry"],"_links":{"self":[{"href":"https:\/\/www.medicatlos.sk\/index.php?rest_route=\/wp\/v2\/pages\/58","targetHints":{"allow":["GET"]}}],"collection":[{"href":"https:\/\/www.medicatlos.sk\/index.php?rest_route=\/wp\/v2\/pages"}],"about":[{"href":"https:\/\/www.medicatlos.sk\/index.php?rest_route=\/wp\/v2\/types\/page"}],"author":[{"embeddable":true,"href":"https:\/\/www.medicatlos.sk\/index.php?rest_route=\/wp\/v2\/users\/1"}],"replies":[{"embeddable":true,"href":"https:\/\/www.medicatlos.sk\/index.php?rest_route=%2Fwp%2Fv2%2Fcomments&post=58"}],"version-history":[{"count":43,"href":"https:\/\/www.medicatlos.sk\/index.php?rest_route=\/wp\/v2\/pages\/58\/revisions"}],"predecessor-version":[{"id":481,"href":"https:\/\/www.medicatlos.sk\/index.php?rest_route=\/wp\/v2\/pages\/58\/revisions\/481"}],"wp:attachment":[{"href":"https:\/\/www.medicatlos.sk\/index.php?rest_route=%2Fwp%2Fv2%2Fmedia&parent=58"}],"curies":[{"name":"wp","href":"https:\/\/api.w.org\/{rel}","templated":true}]}}